he remainder when 355 is divided by 20.
15
What is the remainder when 629 is divided by 56?
13
Calculate the remainder when 507 is divided by 5.
2
What is the remainder when 79 is divided by 24?
7
What is the remainder when 1023 is divided by 11?
0
What is the remainder when 347 is divided by 40?
27
Calculate the remainder when 334 is divided by 28.
26
What is the remainder when 58 is divided by 9?
4
Calculate the remainder when 388 is divided by 18.
10
What is the remainder when 539 is divided by 17?
12
Calculate the remainder when 3898 is divided by 12.
10
Calculate the remainder when 27389 is divided by 64.
61
What is the remainder when 637 is divided by 54?
43
Calculate the remainder when 775 is divided by 255.
10
What is the remainder when 2040 is divided by 28?
24
Calculate the remainder when 7101 is divided by 3548.
5
What is the remainder when 157 is divided by 23?
19
Calculate the remainder when 694 is divided by 29.
27
What is the remainder when 37 is divided by 6?
1
What is the remainder when 560 is divided by 19?
9
What is the remainder when 131 is divided by 69?
62
Calculate the remainder when 200 is divided by 64.
8
What is the remainder when 1811 is divided by 597?
20
Calculate the remainder when 51449 is divided by 175.
174
Calculate the remainder when 4185 is divided by 91.
90
What is the remainder when 739 is divided by 211?
106
Calculate the remainder when 6378 is divided by 58.
56
What is the remainder when 559 is divided by 35?
34
What is the remainder when 350 is divided by 114?
8
Calculate the remainder when 436 is divided by 161.
114
What is the remainder when 859 is divided by 281?
16
What is the remainder when 23 is divided by 10?
3
Calculate the remainder when 186 is divided by 21.
18
Calculate the remainder when 1278 is divided by 21.
18
Calculate the remainder when 1845 is divided by 44.
41
Calculate the remainder when 735 is divided by 32.
31
Calculate the remainder when 1900 is divided by 386.
356
Calculate the remainder when 3036 is divided by 18.
12
What is the remainder when 1835 is divided by 30?
5
What is the remainder when 1323 is divided by 16?
11
Calculate the remainder when 140 is divided by 41.
17
Calculate the remainder when 10194 is divided by 56.
2
What is the remainder when 537 is divided by 49?
47
What is the remainder when 51 is divided by 15?
6
Calculate the remainder when 221 is divided by 15.
11
Calculate the remainder when 949 is divided by 56.
53
Calculate the remainder when 1001 is divided by 33.
11
What is the remainder when 6875 is divided by 32?
27
What is the remainder when 112 is divided by 29?
25
Calculate the remainder when 86 is divided by 12.
2
Calculate the remainder when 222 is divided by 218.
4
What is the remainder when 1850 is divided by 923?
4
What is the remainder when 2863 is divided by 63?
28
Calculate the remainder when 338 is divided by 20.
18
What is the remainder when 107 is divided by 28?
23
Calculate the remainder when 772 is divided by 769.
3
What is the remainder when 120 is divided by 13?
3
Calculate the remainder when 1767 is divided by 8.
7
What is the remainder when 575 is divided by 52?
3
Calculate the remainder when 199 is divided by 14.
3
What is the remainder when 25 is divided by 6?
1
What is the remainder when 479 is divided by 96?
95
What is the remainder when 903 is divided by 300?
3
Calculate the remainder when 830 is divided by 22.
16
Calculate the remainder when 1319 is divided by 500.
319
Calculate the remainder when 208 is divided by 7.
5
What is the remainder when 30 is divided by 20?
10
What is the remainder when 137 is divided by 24?
17
What is the remainder when 258 is divided by 10?
8
Calculate the remainder when 1511 is divided by 42.
41
What is the remainder when 31422 is divided by 75?
72
What is the remainder when 5909 is divided by 13?
7
Calculate the remainder when 89 is divided by 7.
5
What is the remainder when 471 is divided by 135?
66
What is the remainder when 387 is divided by 92?
19
What is the remainder when 462 is divided by 219?
24
What is the remainder when 440 is divided by 4?
0
Calculate the remainder when 3981 is divided by 11.
10
Calculate the remainder when 118 is divided by 57.
4
Calculate the remainder when 122 is divided by 16.
10
What is the remainder when 216 is divided by 80?
56
What is the remainder when 95 is divided by 27?
14
Calculate the remainder when 85 is divided by 23.
16
Calculate the remainder when 206 is divided by 52.
50
Calculate the remainder when 1194 is divided by 547.
100
Calculate the remainder when 427 is divided by 42.
7
Calculate the remainder when 85 is divided by 12.
1
Calculate the remainder when 4923 is divided by 2.
1
Calculate the remainder when 7988 is divided by 34.
32
Calculate the remainder when 21 is divided by 11.
10
Calculate the remainder when 2261 is divided by 58.
57
What is the remainder when 54 is divided by 29?
25
Calculate the remainder when 5082 is divided by 34.
16
Calculate the remainder when 239 is divided by 60.
59
Calculate the remainder when 127 is divided by 36.
19
What is the remainder when 173 is divided by 35?
33
Calculate the remainder when 2315 is divided by 256.
11
Calculate the remainder when 134 is divided by 89.
45
What is the remainder when 2445 is divided by 16?
13
What is the remainder when 1341 is divided by 124?
101
What is the remainder when 536 is divided by 20?
16
Calculate the remainder when 125 is divided by 36.
17
Calculate the remainder when 5286 is divided by 129.
126
What is the remainder when 2060 is divided by 28?
16
Calculate the remainder when 498 is divided by 4.
2
What is the remainder when 2914 is divided by 227?
190
What is the remainder when 777 is divided by 188?
25
What is the remainder when 1017 is divided by 51?
48
Calculate the remainder when 79 is divided by 11.
2
What is the remainder when 60 is divided by 8?
4
Calculate the remainder when 124 is divided by 47.
30
Calculate the remainder when 295 is divided by 11.
9
What is the remainder when 330 is divided by 40?
10
Calculate the remainder when 10698 is divided by 3566.
0
Calculate the remainder when 1611 is divided by 30.
21
What is the remainder when 261 is divided by 89?
83
Calculate the remainder when 424 is divided by 92.
56
What is the remainder when 227 is divided by 68?
23
What is the remainder when 206 is divided by 101?
4
Calculate the remainder when 8846 is divided by 7.
5
What is the remainder when 81 is divided by 14?
11
Calculate the remainder when 11434 is divided by 19.
15
What is the remainder when 222 is divided by 57?
51
What is the remainder when 676 is divided by 152?
68
What is the remainder when 63965 is divided by 32?
29
Calculate the remainder when 373 is divided by 22.
21
What is the remainder when 1165 is divided by 15?
10
What is the remainder when 266 is divided by 150?
116
Calculate the remainder when 876 is divided by 46.
2
Calculate the remainder when 642 is divided by 14.
12
Calculate the remainder when 29444 is divided by 65.
64
Calculate the remainder when 97 is divided by 36.
25
What is the remainder when 152 is divided by 9?
8
What is the remainder when 82 is divided by 14?
12
Calculate the remainder when 711 is divided by 92.
67
What is the remainder when 51 is divided by 9?
6
Calculate the remainder when 657 is divided by 67.
54
What is the remainder when 4608 is divided by 87?
84
Calculate the remainder when 206 is divided by 10.
6
What is the remainder when 39 is divided by 17?
5
Calculate the remainder when 508 is divided by 64.
60
What is the remainder when 9 is divided by 5?
4
Calculate the remainder when 773 is divided by 9.
8
What is the remainder when 387 is divided by 18?
9
What is the remainder when 283 is divided by 22?
19
What is the remainder when 645 is divided by 59?
55
What is the remainder when 1429 is divided by 366?
331
What is the remainder when 280 is divided by 132?
16
Calculate the remainder when 79 is divided by 35.
9
What is the remainder when 246 is divided by 156?
90
What is the remainder when 75 is divided by 50?
25
Calculate the remainder when 57 is divided by 52.
5
What is the remainder when 15415 is divided by 26?
23
What is the remainder when 407 is divided by 68?
67
Calculate the remainder when 587 is d